{"id":535,"date":"2018-10-01T08:06:21","date_gmt":"2018-10-01T08:06:21","guid":{"rendered":"https:\/\/eljardindelconvento.com\/2018\/?page_id=535"},"modified":"2018-10-01T08:10:48","modified_gmt":"2018-10-01T08:10:48","slug":"politica-de-cancelaciones","status":"publish","type":"page","link":"https:\/\/eljardindelconvento.com\/2018\/politica-de-cancelaciones\/","title":{"rendered":"Pol\u00edtica de cancelaciones"},"content":{"rendered":"<p><\/p>\n<div class=\"texto_solo\">\n<p class=\"atexto\">De acuerdo con lo establecido en el Art\u00edculo 19 \u00ba del Decreto 120\/1998, de 6 de octubre, de ordenaci\u00f3n del alojamiento tur\u00edstico en el medio rural de la Consejer\u00eda de Medio Ambiente, Urbanismo y Turismo de la Junta de Extremadura,<\/p>\n<p class=\"atexto\">El cliente tiene derecho a la devoluci\u00f3n de los siguientes porcentajes del anticipo exigido:<\/p>\n<ul class=\"atexto\">\n<li>95 % si la anulaci\u00f3n se hace con m\u00e1s de 30 d\u00edas de antelaci\u00f3n<\/li>\n<li>60 % si la anulaci\u00f3n se hace con m\u00e1s de 15 d\u00edas y menos de 30<\/li>\n<li>40 % si la anulaci\u00f3n se hace con m\u00e1s de 7 d\u00edas y menos de 15<\/li>\n<li>0 % si la anulaci\u00f3n se hace con 7 o menos d\u00edas de antelaci\u00f3n<\/li>\n<\/ul>\n<\/div>\n<p><\/p>","protected":false},"excerpt":{"rendered":"<p>De acuerdo con lo establecido en el Art\u00edculo 19 \u00ba del Decreto 120\/1998, de 6 de octubre, de ordenaci\u00f3n del alojamiento tur\u00edstico en el medio rural de la Consejer\u00eda de Medio Ambiente, Urbanismo y Turismo de la Junta de Extremadura, El cliente tiene derecho a la devoluci\u00f3n de los siguientes porcentajes del anticipo exigido: 95 [&hellip;]<\/p>\n","protected":false},"author":4,"featured_media":0,"parent":0,"menu_order":0,"comment_status":"closed","ping_status":"closed","template":"","meta":{"footnotes":""},"class_list":["post-535","page","type-page","status-publish","hentry"],"_links":{"self":[{"href":"https:\/\/eljardindelconvento.com\/2018\/wp-json\/wp\/v2\/pages\/535","targetHints":{"allow":["GET"]}}],"collection":[{"href":"https:\/\/eljardindelconvento.com\/2018\/wp-json\/wp\/v2\/pages"}],"about":[{"href":"https:\/\/eljardindelconvento.com\/2018\/wp-json\/wp\/v2\/types\/page"}],"author":[{"embeddable":true,"href":"https:\/\/eljardindelconvento.com\/2018\/wp-json\/wp\/v2\/users\/4"}],"replies":[{"embeddable":true,"href":"https:\/\/eljardindelconvento.com\/2018\/wp-json\/wp\/v2\/comments?post=535"}],"version-history":[{"count":4,"href":"https:\/\/eljardindelconvento.com\/2018\/wp-json\/wp\/v2\/pages\/535\/revisions"}],"predecessor-version":[{"id":544,"href":"https:\/\/eljardindelconvento.com\/2018\/wp-json\/wp\/v2\/pages\/535\/revisions\/544"}],"wp:attachment":[{"href":"https:\/\/eljardindelconvento.com\/2018\/wp-json\/wp\/v2\/media?parent=535"}],"curies":[{"name":"wp","href":"https:\/\/api.w.org\/{rel}","templated":true}]}}

Política de cancelaciones

<p></p>
<div class="texto_solo">
<p class="atexto">De acuerdo con lo establecido en el Artículo 19 º del Decreto 120/1998, de 6 de octubre, de ordenación del alojamiento turístico en el medio rural de la Consejería de Medio Ambiente, Urbanismo y Turismo de la Junta de Extremadura,</p>
<p class="atexto">El cliente tiene derecho a la devolución de los siguientes porcentajes del anticipo exigido:</p>
<ul class="atexto">
<li>95 % si la anulación se hace con más de 30 días de antelación</li>
<li>60 % si la anulación se hace con más de 15 días y menos de 30</li>
<li>40 % si la anulación se hace con más de 7 días y menos de 15</li>
<li>0 % si la anulación se hace con 7 o menos días de antelación</li>
</ul>
</div>
<p></p>

<p>De acuerdo con lo establecido en el Artículo 19 º del Decreto 120/1998, de 6 de octubre, de ordenación del alojamiento turístico en el medio rural de la Consejería de Medio Ambiente, Urbanismo y Turismo de la Junta de Extremadura, El cliente tiene derecho a la devolución de los siguientes porcentajes del anticipo exigido: 95 [&hellip;]</p>
