{"id":512,"date":"2018-09-06T00:48:24","date_gmt":"2018-09-06T00:48:24","guid":{"rendered":"https:\/\/eljardindelconvento.com\/2018\/mas-informacion-sobre-las-cookies\/"},"modified":"2018-10-02T08:04:58","modified_gmt":"2018-10-02T08:04:58","slug":"aviso-legal","status":"publish","type":"page","link":"https:\/\/eljardindelconvento.com\/2018\/aviso-legal\/","title":{"rendered":"Aviso legal"},"content":{"rendered":"<p><\/p>\n<div class=\"texto_solo\">\n<p><strong><u>AVISO LEGAL<\/u><\/strong><\/p>\n<p>&nbsp;<\/p>\n<p>Aviso Legal para el sitio web www.eljardindelconvento.com<\/p>\n<p><u>\u00a0<\/u><\/p>\n<p><u>1.- Introducci\u00f3n.<\/u><\/p>\n<p>El presente documento tiene como finalidad el establecer y regular las normas de uso del Sitio www.eljardindelconvento.com (en adelante el &#8220;Sitio&#8221;), entendiendo por Sitio todas las p\u00e1ginas y sus contenidos propiedad de Hotel El Jard\u00edn del Convento &#8211; Carlos Fern\u00e1ndez Neila a las cuales se accede a trav\u00e9s del dominio www.eljardindelconvento.com y sus subdominios.<\/p>\n<p>La utilizaci\u00f3n del Sitio atribuye la condici\u00f3n de Usuario del mismo e implica la aceptaci\u00f3n de todas las condiciones incluidas en el presente Aviso Legal. El Usuario se compromete a leer atentamente el presente Aviso Legal en cada una de las ocasiones en que se proponga utilizar el Sitio, ya que \u00e9ste y sus condiciones de uso recogidas en el presente Aviso Legal pueden sufrir modificaciones.<\/p>\n<p>Todos los avisos pueden ser revisados en cualquier momento por el usuario a trav\u00e9s de nuestra p\u00e1gina web.<\/p>\n<p>&nbsp;<\/p>\n<p><u>2.- Titularidad del Sitio Web.<\/u><\/p>\n<p>El titular del presente Sitio es Hotel El Jard\u00edn del Convento &#8211; Carlos Fern\u00e1ndez Neila con domicilio en Plaza del convento, 22. 10700 \u2013 Herv\u00e1s (C\u00e1ceres), y con CIF: 76100986N.<\/p>\n<p>Ud. puede ponerse en contacto con nosotros en los siguientes n\u00fameros de tel\u00e9fono o e-mail: Tfno: 927481161, e-mail: carlos@eljardindelconvento.com<\/p>\n<p><u>\u00a0<\/u><\/p>\n<p><u>3.- Propiedad intelectual e industrial.<\/u><\/p>\n<p>Los derechos de propiedad intelectual de este sitio, son titularidad de Hotel El Jard\u00edn del Convento &#8211; Carlos Fern\u00e1ndez Neila, o de terceros de los que dispone autorizaci\u00f3n cuando sea necesaria.<\/p>\n<p>La reproducci\u00f3n, distribuci\u00f3n, comercializaci\u00f3n o transformaci\u00f3n, total o parcial, no autorizadas del contenido del Sitio, constituye una infracci\u00f3n de los derechos de propiedad intelectual de Hotel El Jard\u00edn del Convento &#8211; Carlos Fern\u00e1ndez Neila. Igualmente, todas las marcas o signos distintivos de cualquier clase contenidos en el Sitio est\u00e1n protegidos por Ley.<\/p>\n<p>La utilizaci\u00f3n no autorizada de la informaci\u00f3n contenida en este Sitio, as\u00ed como los perjuicios ocasionados en los derechos de propiedad intelectual e industrial de Hotel El Jard\u00edn del Convento &#8211; Carlos Fern\u00e1ndez Neila, pueden dar lugar al ejercicio de las acciones que legalmente correspondan y, si procede, a las responsabilidades que de dicho ejercicio se deriven.<\/p>\n<p>En el caso de que los productos de nuestra tienda online fueran susceptibles de protecci\u00f3n por Propiedad Intelectual, Hotel El Jard\u00edn del Convento &#8211; Carlos Fern\u00e1ndez Neila garantiza estar autorizado para gestionar la adquisici\u00f3n y el cobro del producto al consumidor.<\/p>\n<p>&nbsp;<\/p>\n<p><u>4.- Exclusi\u00f3n de responsabilidad<\/u>.<\/p>\n<p>El contenido, programas, informaci\u00f3n y\/o consejos expresados en este Sitio deben entenderse como simplemente orientativos. Hotel El Jard\u00edn del Convento &#8211; Carlos Fern\u00e1ndez Neila, no responde de ninguna forma de la efectividad o exactitud de los mismos, quedando exenta de cualquier responsabilidad contractual o extracontractual con los Usuarios que haga uso de ellos, ya que son \u00e9stas las que deber\u00e1n decidir seg\u00fan su criterio la oportunidad de los mismos.<\/p>\n<p>En este Sitio se pueden publicar contenidos aportados por terceras personas o empresas, Hotel El Jard\u00edn del Convento &#8211; Carlos Fern\u00e1ndez Neila, no responde de la veracidad y exactitud de los mismos, quedando exenta de cualquier responsabilidad contractual o extracontractual con los Usuarios que hagan uso de ellos.<\/p>\n<p>Hotel El Jard\u00edn del Convento &#8211; Carlos Fern\u00e1ndez Neila, se reserva el derecho de modificar el contenido del Sitio sin previo aviso y sin ning\u00fan tipo de limitaci\u00f3n.<\/p>\n<p>Asimismo, declina cualquier responsabilidad por los eventuales da\u00f1os y perjuicios que puedan ocasionarse por la falta de disponibilidad y\/o continuidad de este Sitio y de los servicios que se ofrecen en el.<\/p>\n<p>Hotel El Jard\u00edn del Convento &#8211; Carlos Fern\u00e1ndez Neila, no garantiza la ausencia de virus ni de otros elementos en la web que puedan producir alteraciones en su sistema inform\u00e1tico. Hotel El Jard\u00edn del Convento &#8211; Carlos Fern\u00e1ndez Neila, declina cualquier responsabilidad contractual o extracontractual con los Usuarios que hagan uso de ello y tuviera perjuicios de cualquier naturaleza ocasionados por virus inform\u00e1ticos o por elementos inform\u00e1ticos de cualquier \u00edndole.<\/p>\n<p>Hotel El Jard\u00edn del Convento &#8211; Carlos Fern\u00e1ndez Neila, declina cualquier responsabilidad por los servicios que eventualmente pudieran prestarse en el Sitio por parte de terceros.<\/p>\n<p>Hotel El Jard\u00edn del Convento &#8211; Carlos Fern\u00e1ndez Neila, declina cualquier responsabilidad por los servicios y\/o informaci\u00f3n que se preste en otros Sitios enlazados con este. Hotel El Jard\u00edn del Convento &#8211; Carlos Fern\u00e1ndez Neila, no controla ni ejerce ning\u00fan tipo de supervisi\u00f3n en Sitios Webs de terceros. Aconsejamos a los Usuarios de los mismos a actuar con prudencia y consultar las eventuales condiciones legales que se expongan en dichas webs.<\/p>\n<p>Los Usuarios que remitan cualquier tipo de informaci\u00f3n a Hotel El Jard\u00edn del Convento &#8211; Carlos Fern\u00e1ndez Neila, se comprometen a que la misma sea veraz y que no vulnere cualquier derecho de terceros ni la legalidad vigente.<\/p>\n<p><u>\u00a0<\/u><\/p>\n<p><u>5.- Condiciones de uso del portal para los usuarios.<\/u><\/p>\n<p>El acceso al presente Sitio es gratuito salvo en lo relativo al coste de la conexi\u00f3n a trav\u00e9s de la red de telecomunicaciones suministrada por el proveedor de acceso contratado por los usuarios.<\/p>\n<p>Queda expresamente prohibido el uso del Sitio con fines lesivos de bienes o intereses de Hotel El Jard\u00edn del Convento &#8211; Carlos Fern\u00e1ndez Neila o de terceros o que de cualquier otra forma sobrecarguen, da\u00f1en o inutilicen las redes, servidores y dem\u00e1s equipos inform\u00e1ticos (hardware) o productos y aplicaciones inform\u00e1ticas (software) de Hotel El Jard\u00edn del Convento &#8211; Carlos Fern\u00e1ndez Neila, o de terceros.<\/p>\n<p>En el caso de que el Usuario tuviera conocimiento de que los Sitios enlazados remiten a p\u00e1ginas cuyos contenidos o servicios son il\u00edcitos, nocivos, denigrantes, violentos o contrarios a la moral le agradecer\u00edamos que se pusiera en contacto con Hotel El Jard\u00edn del Convento &#8211; Carlos Fern\u00e1ndez Neila.<\/p>\n<p>&nbsp;<\/p>\n<p><u>6.- Pol\u00edtica de protecci\u00f3n de datos personales.<\/u><\/p>\n<p>Puede consultar nuestra Pol\u00edtica de protecci\u00f3n de datos personales en el apartado Pol\u00edtica de Privacidad de esta web.<\/p>\n<p>&nbsp;<\/p>\n<p><u>7.- Cookies.<\/u><\/p>\n<p>Las cookies sirven para mejorar el funcionamiento de la web. El Art. 4 del Real Decreto-Ley 13\/2012, de 30 de Marzo, modifica la Ley 34\/2002, de 11 de julio, de servicios de la sociedad de la informaci\u00f3n y de comercio electr\u00f3nico, estableciendo como requisito la obtenci\u00f3n del consentimiento informado antes de que se almacene o se acceda a la informaci\u00f3n del terminal del usuario en ciertos supuestos.<\/p>\n<p>Si usamos otro tipo de cookies que no sean las necesarias, podr\u00e1 consultar la pol\u00edtica de cookies en el enlace correspondiente desde el inicio de la web.<\/p>\n<p><u>\u00a0<\/u><\/p>\n<p><u>8.- Legislaci\u00f3n.<\/u><\/p>\n<p>Hotel El Jard\u00edn del Convento &#8211; Carlos Fern\u00e1ndez Neila le informa que el presente Aviso legal se rige en todos y cada uno de sus extremos por la legislaci\u00f3n espa\u00f1ola. El presente contrato est\u00e1 establecido en idioma espa\u00f1ol.<\/p>\n<p>&nbsp;<\/p>\n<p><u>9.- Contacte con nosotros.<\/u><\/p>\n<p>Si tiene Ud. cualquier pregunta sobre las condiciones reflejadas en este Aviso Legal, o si le gustar\u00eda hacer cualquier sugerencia o recomendaci\u00f3n, por favor dir\u00edjase a nosotros a trav\u00e9s del email facilitado en el punto 2\u00ba.<\/p>\n<\/div>\n<p><\/p>","protected":false},"excerpt":{"rendered":"<p>AVISO LEGAL &nbsp; Aviso Legal para el sitio web www.eljardindelconvento.com \u00a0 1.- Introducci\u00f3n. El presente documento tiene como finalidad el establecer y regular las normas de uso del Sitio www.eljardindelconvento.com (en adelante el &#8220;Sitio&#8221;), entendiendo por Sitio todas las p\u00e1ginas y sus contenidos propiedad de Hotel El Jard\u00edn del Convento &#8211; Carlos Fern\u00e1ndez Neila a [&hellip;]<\/p>\n","protected":false},"author":4,"featured_media":0,"parent":0,"menu_order":0,"comment_status":"closed","ping_status":"closed","template":"","meta":{"footnotes":""},"class_list":["post-512","page","type-page","status-publish","hentry"],"_links":{"self":[{"href":"https:\/\/eljardindelconvento.com\/2018\/wp-json\/wp\/v2\/pages\/512","targetHints":{"allow":["GET"]}}],"collection":[{"href":"https:\/\/eljardindelconvento.com\/2018\/wp-json\/wp\/v2\/pages"}],"about":[{"href":"https:\/\/eljardindelconvento.com\/2018\/wp-json\/wp\/v2\/types\/page"}],"author":[{"embeddable":true,"href":"https:\/\/eljardindelconvento.com\/2018\/wp-json\/wp\/v2\/users\/4"}],"replies":[{"embeddable":true,"href":"https:\/\/eljardindelconvento.com\/2018\/wp-json\/wp\/v2\/comments?post=512"}],"version-history":[{"count":4,"href":"https:\/\/eljardindelconvento.com\/2018\/wp-json\/wp\/v2\/pages\/512\/revisions"}],"predecessor-version":[{"id":552,"href":"https:\/\/eljardindelconvento.com\/2018\/wp-json\/wp\/v2\/pages\/512\/revisions\/552"}],"wp:attachment":[{"href":"https:\/\/eljardindelconvento.com\/2018\/wp-json\/wp\/v2\/media?parent=512"}],"curies":[{"name":"wp","href":"https:\/\/api.w.org\/{rel}","templated":true}]}}

<p></p>
<div class="texto_solo">
<p><strong><u>AVISO LEGAL</u></strong></p>
<p>&nbsp;</p>
<p>Aviso Legal para el sitio web www.eljardindelconvento.com</p>
<p><u> </u></p>
<p><u>1.- Introducción.</u></p>
<p>El presente documento tiene como finalidad el establecer y regular las normas de uso del Sitio www.eljardindelconvento.com (en adelante el &#8220;Sitio&#8221;), entendiendo por Sitio todas las páginas y sus contenidos propiedad de Hotel El Jardín del Convento &#8211; Carlos Fernández Neila a las cuales se accede a través del dominio www.eljardindelconvento.com y sus subdominios.</p>
<p>La utilización del Sitio atribuye la condición de Usuario del mismo e implica la aceptación de todas las condiciones incluidas en el presente Aviso Legal. El Usuario se compromete a leer atentamente el presente Aviso Legal en cada una de las ocasiones en que se proponga utilizar el Sitio, ya que éste y sus condiciones de uso recogidas en el presente Aviso Legal pueden sufrir modificaciones.</p>
<p>Todos los avisos pueden ser revisados en cualquier momento por el usuario a través de nuestra página web.</p>
<p>&nbsp;</p>
<p><u>2.- Titularidad del Sitio Web.</u></p>
<p>El titular del presente Sitio es Hotel El Jardín del Convento &#8211; Carlos Fernández Neila con domicilio en Plaza del convento, 22. 10700 – Hervás (Cáceres), y con CIF: 76100986N.</p>
<p>Ud. puede ponerse en contacto con nosotros en los siguientes números de teléfono o e-mail: Tfno: 927481161, e-mail: carlos@eljardindelconvento.com</p>
<p><u> </u></p>
<p><u>3.- Propiedad intelectual e industrial.</u></p>
<p>Los derechos de propiedad intelectual de este sitio, son titularidad de Hotel El Jardín del Convento &#8211; Carlos Fernández Neila, o de terceros de los que dispone autorización cuando sea necesaria.</p>
<p>La reproducción, distribución, comercialización o transformación, total o parcial, no autorizadas del contenido del Sitio, constituye una infracción de los derechos de propiedad intelectual de Hotel El Jardín del Convento &#8211; Carlos Fernández Neila. Igualmente, todas las marcas o signos distintivos de cualquier clase contenidos en el Sitio están protegidos por Ley.</p>
<p>La utilización no autorizada de la información contenida en este Sitio, así como los perjuicios ocasionados en los derechos de propiedad intelectual e industrial de Hotel El Jardín del Convento &#8211; Carlos Fernández Neila, pueden dar lugar al ejercicio de las acciones que legalmente correspondan y, si procede, a las responsabilidades que de dicho ejercicio se deriven.</p>
<p>En el caso de que los productos de nuestra tienda online fueran susceptibles de protección por Propiedad Intelectual, Hotel El Jardín del Convento &#8211; Carlos Fernández Neila garantiza estar autorizado para gestionar la adquisición y el cobro del producto al consumidor.</p>
<p>&nbsp;</p>
<p><u>4.- Exclusión de responsabilidad</u>.</p>
<p>El contenido, programas, información y/o consejos expresados en este Sitio deben entenderse como simplemente orientativos. Hotel El Jardín del Convento &#8211; Carlos Fernández Neila, no responde de ninguna forma de la efectividad o exactitud de los mismos, quedando exenta de cualquier responsabilidad contractual o extracontractual con los Usuarios que haga uso de ellos, ya que son éstas las que deberán decidir según su criterio la oportunidad de los mismos.</p>
<p>En este Sitio se pueden publicar contenidos aportados por terceras personas o empresas, Hotel El Jardín del Convento &#8211; Carlos Fernández Neila, no responde de la veracidad y exactitud de los mismos, quedando exenta de cualquier responsabilidad contractual o extracontractual con los Usuarios que hagan uso de ellos.</p>
<p>Hotel El Jardín del Convento &#8211; Carlos Fernández Neila, se reserva el derecho de modificar el contenido del Sitio sin previo aviso y sin ningún tipo de limitación.</p>
<p>Asimismo, declina cualquier responsabilidad por los eventuales daños y perjuicios que puedan ocasionarse por la falta de disponibilidad y/o continuidad de este Sitio y de los servicios que se ofrecen en el.</p>
<p>Hotel El Jardín del Convento &#8211; Carlos Fernández Neila, no garantiza la ausencia de virus ni de otros elementos en la web que puedan producir alteraciones en su sistema informático. Hotel El Jardín del Convento &#8211; Carlos Fernández Neila, declina cualquier responsabilidad contractual o extracontractual con los Usuarios que hagan uso de ello y tuviera perjuicios de cualquier naturaleza ocasionados por virus informáticos o por elementos informáticos de cualquier índole.</p>
<p>Hotel El Jardín del Convento &#8211; Carlos Fernández Neila, declina cualquier responsabilidad por los servicios que eventualmente pudieran prestarse en el Sitio por parte de terceros.</p>
<p>Hotel El Jardín del Convento &#8211; Carlos Fernández Neila, declina cualquier responsabilidad por los servicios y/o información que se preste en otros Sitios enlazados con este. Hotel El Jardín del Convento &#8211; Carlos Fernández Neila, no controla ni ejerce ningún tipo de supervisión en Sitios Webs de terceros. Aconsejamos a los Usuarios de los mismos a actuar con prudencia y consultar las eventuales condiciones legales que se expongan en dichas webs.</p>
<p>Los Usuarios que remitan cualquier tipo de información a Hotel El Jardín del Convento &#8211; Carlos Fernández Neila, se comprometen a que la misma sea veraz y que no vulnere cualquier derecho de terceros ni la legalidad vigente.</p>
<p><u> </u></p>
<p><u>5.- Condiciones de uso del portal para los usuarios.</u></p>
<p>El acceso al presente Sitio es gratuito salvo en lo relativo al coste de la conexión a través de la red de telecomunicaciones suministrada por el proveedor de acceso contratado por los usuarios.</p>
<p>Queda expresamente prohibido el uso del Sitio con fines lesivos de bienes o intereses de Hotel El Jardín del Convento &#8211; Carlos Fernández Neila o de terceros o que de cualquier otra forma sobrecarguen, dañen o inutilicen las redes, servidores y demás equipos informáticos (hardware) o productos y aplicaciones informáticas (software) de Hotel El Jardín del Convento &#8211; Carlos Fernández Neila, o de terceros.</p>
<p>En el caso de que el Usuario tuviera conocimiento de que los Sitios enlazados remiten a páginas cuyos contenidos o servicios son ilícitos, nocivos, denigrantes, violentos o contrarios a la moral le agradeceríamos que se pusiera en contacto con Hotel El Jardín del Convento &#8211; Carlos Fernández Neila.</p>
<p>&nbsp;</p>
<p><u>6.- Política de protección de datos personales.</u></p>
<p>Puede consultar nuestra Política de protección de datos personales en el apartado Política de Privacidad de esta web.</p>
<p>&nbsp;</p>
<p><u>7.- Cookies.</u></p>
<p>Las cookies sirven para mejorar el funcionamiento de la web. El Art. 4 del Real Decreto-Ley 13/2012, de 30 de Marzo, modifica la Ley 34/2002, de 11 de julio, de servicios de la sociedad de la información y de comercio electrónico, estableciendo como requisito la obtención del consentimiento informado antes de que se almacene o se acceda a la información del terminal del usuario en ciertos supuestos.</p>
<p>Si usamos otro tipo de cookies que no sean las necesarias, podrá consultar la política de cookies en el enlace correspondiente desde el inicio de la web.</p>
<p><u> </u></p>
<p><u>8.- Legislación.</u></p>
<p>Hotel El Jardín del Convento &#8211; Carlos Fernández Neila le informa que el presente Aviso legal se rige en todos y cada uno de sus extremos por la legislación española. El presente contrato está establecido en idioma español.</p>
<p>&nbsp;</p>
<p><u>9.- Contacte con nosotros.</u></p>
<p>Si tiene Ud. cualquier pregunta sobre las condiciones reflejadas en este Aviso Legal, o si le gustaría hacer cualquier sugerencia o recomendación, por favor diríjase a nosotros a través del email facilitado en el punto 2º.</p>
</div>
<p></p>

<p>AVISO LEGAL &nbsp; Aviso Legal para el sitio web www.eljardindelconvento.com   1.- Introducción. El presente documento tiene como finalidad el establecer y regular las normas de uso del Sitio www.eljardindelconvento.com (en adelante el &#8220;Sitio&#8221;), entendiendo por Sitio todas las páginas y sus contenidos propiedad de Hotel El Jardín del Convento &#8211; Carlos Fernández Neila a [&hellip;]</p>
