{"id":122,"date":"2018-08-10T20:45:47","date_gmt":"2018-08-10T20:45:47","guid":{"rendered":"https:\/\/eljardindelconvento.com\/2018\/?page_id=122"},"modified":"2026-01-12T10:24:02","modified_gmt":"2026-01-12T10:24:02","slug":"desayunos","status":"publish","type":"page","link":"https:\/\/eljardindelconvento.com\/2018\/desayunos\/","title":{"rendered":"Desayuno"},"content":{"rendered":"<div id=\"pl-122\"  class=\"panel-layout\" ><div id=\"pg-122-0\"  class=\"panel-grid panel-no-style\" ><div id=\"pgc-122-0-0\"  class=\"panel-grid-cell\" ><div id=\"panel-122-0-0-0\" class=\"so-panel widget widget_sow-editor panel-first-child panel-last-child\" data-index=\"0\" ><div\n\t\t\t\n\t\t\tclass=\"so-widget-sow-editor so-widget-sow-editor-base\"\n\t\t\t\n\t\t>\n<div class=\"siteorigin-widget-tinymce textwidget\">\n\t<div><\/div>\n<\/div>\n<\/div><\/div><\/div><div id=\"pgc-122-0-1\"  class=\"panel-grid-cell\" ><div id=\"panel-122-0-1-0\" class=\"so-panel widget widget_sow-editor panel-first-child panel-last-child\" data-index=\"1\" ><div\n\t\t\t\n\t\t\tclass=\"so-widget-sow-editor so-widget-sow-editor-base\"\n\t\t\t\n\t\t>\n<div class=\"siteorigin-widget-tinymce textwidget\">\n\t<\/p>\n<p><span class=\"titulo\">Desayuno<\/span><\/p>\n<p class=\"p1\"><strong>Disfruta de nuestro desayuno con productos naturales y de calidad.<br \/>\n<\/strong><\/p>\n<p class=\"p1\"><strong><br \/>\n<\/strong>Una de las cosas m\u00e1s apreciadas por nuestros clientes son los desayunos que servimos en la galer\u00eda acristalada con vistas al jard\u00edn. En el buf\u00e9, el cliente encontrar\u00e1 un buen surtido de productos: zumo de naranjas reci\u00e9n exprimidas, bizcochos hechos en casa, dulces tradicionales de Herv\u00e1s, jam\u00f3n y quesos de la zona, frutas de temporada, mermeladas elaboradas con las frutas y hortalizas de nuestra huerta, membrillo casero, polen fresco, \u2026\u2026adem\u00e1s de caf\u00e9, variedad de t\u00e9s, infusiones, cacaos, etc.<\/p>\n<p>&nbsp;<\/p>\n<p>Precio:\u00a0<strong>12 \u20ac\/persona (adultos) - 7\u20ac (ni\u00f1os menores de 10 a\u00f1os).<\/strong><br \/>\nDesayuno buf\u00e9 IVA incluido.<\/p>\n<p>\n<\/div>\n<\/div><\/div><\/div><\/div><\/div>","protected":false},"excerpt":{"rendered":"<p>Desayuno Disfruta de nuestro desayuno con productos naturales y de calidad. Una de las cosas m\u00e1s apreciadas por nuestros clientes son los desayunos que servimos en la galer\u00eda acristalada con vistas al jard\u00edn. En el buf\u00e9, el cliente encontrar\u00e1 un buen surtido de productos: zumo de naranjas reci\u00e9n exprimidas, bizcochos hechos en casa, dulces tradicionales [&hellip;]<\/p>\n","protected":false},"author":4,"featured_media":0,"parent":0,"menu_order":0,"comment_status":"closed","ping_status":"closed","template":"","meta":{"footnotes":""},"class_list":["post-122","page","type-page","status-publish","hentry"],"_links":{"self":[{"href":"https:\/\/eljardindelconvento.com\/2018\/wp-json\/wp\/v2\/pages\/122","targetHints":{"allow":["GET"]}}],"collection":[{"href":"https:\/\/eljardindelconvento.com\/2018\/wp-json\/wp\/v2\/pages"}],"about":[{"href":"https:\/\/eljardindelconvento.com\/2018\/wp-json\/wp\/v2\/types\/page"}],"author":[{"embeddable":true,"href":"https:\/\/eljardindelconvento.com\/2018\/wp-json\/wp\/v2\/users\/4"}],"replies":[{"embeddable":true,"href":"https:\/\/eljardindelconvento.com\/2018\/wp-json\/wp\/v2\/comments?post=122"}],"version-history":[{"count":25,"href":"https:\/\/eljardindelconvento.com\/2018\/wp-json\/wp\/v2\/pages\/122\/revisions"}],"predecessor-version":[{"id":1424,"href":"https:\/\/eljardindelconvento.com\/2018\/wp-json\/wp\/v2\/pages\/122\/revisions\/1424"}],"wp:attachment":[{"href":"https:\/\/eljardindelconvento.com\/2018\/wp-json\/wp\/v2\/media?parent=122"}],"curies":[{"name":"wp","href":"https:\/\/api.w.org\/{rel}","templated":true}]}}

<div id="pl-122"  class="panel-layout" ><div id="pg-122-0"  class="panel-grid panel-no-style" ><div id="pgc-122-0-0"  class="panel-grid-cell" ><div id="panel-122-0-0-0" class="so-panel widget widget_sow-editor panel-first-child panel-last-child" data-index="0" ><div
			
			class="so-widget-sow-editor so-widget-sow-editor-base"
			
		>
<div class="siteorigin-widget-tinymce textwidget">
	<div></div>
</div>
</div></div></div><div id="pgc-122-0-1"  class="panel-grid-cell" ><div id="panel-122-0-1-0" class="so-panel widget widget_sow-editor panel-first-child panel-last-child" data-index="1" ><div
			
			class="so-widget-sow-editor so-widget-sow-editor-base"
			
		>
<div class="siteorigin-widget-tinymce textwidget">
	</p>
<p><span class="titulo">Desayuno</span></p>
<p class="p1"><strong>Disfruta de nuestro desayuno con productos naturales y de calidad.<br />
</strong></p>
<p class="p1"><strong><br />
</strong>Una de las cosas más apreciadas por nuestros clientes son los desayunos que servimos en la galería acristalada con vistas al jardín. En el bufé, el cliente encontrará un buen surtido de productos: zumo de naranjas recién exprimidas, bizcochos hechos en casa, dulces tradicionales de Hervás, jamón y quesos de la zona, frutas de temporada, mermeladas elaboradas con las frutas y hortalizas de nuestra huerta, membrillo casero, polen fresco, ……además de café, variedad de tés, infusiones, cacaos, etc.</p>
<p>&nbsp;</p>
<p>Precio: <strong>12 €/persona (adultos) - 7€ (niños menores de 10 años).</strong><br />
Desayuno bufé IVA incluido.</p>
<p>
</div>
</div></div></div></div></div>

<p>Desayuno Disfruta de nuestro desayuno con productos naturales y de calidad. Una de las cosas más apreciadas por nuestros clientes son los desayunos que servimos en la galería acristalada con vistas al jardín. En el bufé, el cliente encontrará un buen surtido de productos: zumo de naranjas recién exprimidas, bizcochos hechos en casa, dulces tradicionales [&hellip;]</p>
